nits digit of j?
0
Let g(q) = -9*q**3 + 4*q**2 - 4*q - 12. What is the thousands digit of g(-7)?
3
Suppose 0 = -4*g - 0*g + 5620. What is the hundreds digit of g?
4
Let p = 7 + -14. Let o be 2/p + (-1626)/(-7). Suppose -8*h + 4*h + o = 0. What is the units digit of h?
8
Let k(i) = i**3 - 7*i**2 - 8*i - 4. Let t be k(8). Let y be (-3)/(t + (-135)/(-33)). Let q = -22 - y. What is the tens digit of q?
1
Suppose 0 = 2*t + 5*z - 742, 4*z - 6 = 2. What is the tens digit of t?
6
Let c = -53 - -55. What is the tens digit of ((-2 - -16) + c)*18/3?
9
Let n(r) = r + 2. Let z be n(-2). Suppose z = -2*s + 34 + 92. What is the tens digit of s?
6
Let p(q) = -q**2 - 18*q + 41. Suppose 4*b = 3*f + 53, 3*f = 2*b + 22 - 77. What is the units digit of p(f)?
2
Suppose 0 = -2*p - 5*p + 3528. What is the hundreds digit of p?
5
Let q = -1056 + 2221. What is the thousands digit of q?
1
Suppose 4*m - 3*m - 2*m = 0. Suppose a + m*a = 41. What is the units digit of a?
1
What is the units digit of (-54)/(5/5)*-4?
6
Suppose -4*m + 2244 = 2*s, -m + 375 = 2*s - 186. What is the hundreds digit of m?
5
Suppose -2*v = -v - 7. Suppose -v*f - 36 = -3*f. Let s(c) = -c**3 - 9*c**2 + 11. What is the units digit of s(f)?
1
Let s(a) = a**3 + 27*a**2 - 28*a - 2. Let d be s(-28). What is the hundreds digit of -276*(d + 24/18)?
1
Let x(r) = 4*r + 2. Let u be x(8). Let f = u + -21. What is the tens digit of f?
1
What is the hundreds digit of 486/1053 + 27840/13?
1
Suppose -13*h = -2*z - 8*h + 1601, -4*z + 3209 = -3*h. What is the units digit of z?
3
Suppose -15 = -5*c, 2*b - 4*b - 3*c + 565 = 0. What is the tens digit of b?
7
What is the tens digit of (-1696)/(-5)*(-125)/(-50)?
4
Let g = 323 - -497. What is the units digit of g?
0
Let r(l) = 5*l - 208 - 2*l + 193. Suppose 4*z - 3*f = 22 + 12, -3*z = -2*f - 26. What is the units digit of r(z)?
5
Let i = 10 + -5. Suppose 3*z = -5*k + 10, -10 - i = -3*z. What is the units digit of (-1 + k)/1 - -37?
5
Let d be (-6)/(-36) + 11/6. Suppose 0 = -d*l - l. What is the units digit of -1 + l + (10 - 0)?
9
Suppose 13427 = 3*v - 2*g, 2*g - 13 = -3. What is the thousands digit of v?
4
Suppose b - 237 = -z - z, -5*b = -2*z - 1197. What is the hundreds digit of b?
2
Let r(m) = m**2 + 3*m - 14. Let v be r(-6). Suppose 0 = -x + 2*q + 104, v*x + 0*q - 411 = 3*q. What is the hundreds digit of x?
1
Suppose 483 = 3*p + w + w, p + 3*w - 154 = 0. What is the tens digit of p?
6
Let b be 0 + (-4)/8*0. Suppose 5*h + 3*i + 149 = b, i = -4*i + 10. Let k = h + 35. What is the units digit of k?
4
Suppose 0 = 5*q - 3 - 12. Suppose -a + 2*l - 6 = 0, -q*a - 10 = -4*l - 0*l. Suppose -a*n = 2*p - 6, -2*n + 0*p = -4*p. What is the units digit of n?
2
Let t be (-2)/(-4) - (-290)/(-20). Let k = -13 - t. What is the units digit of 4 + (26 - k) + 0?
9
Let b be (53 - (-1 - -3)) + -1. Let r(i) = 2*i**2 - 5. Let z be r(-2). Suppose a - 2*k = 6*a - 125, -z*k = -2*a + b. What is the units digit of a?
5
Let o be -20 - ((-56)/(-14))/(-2 - 0). Suppose 4*n - 2*n + 5*h = 31, -3*h - 55 = -2*n. Let r = n + o. What is the units digit of r?
5
Let u = 142 + -220. Let o be u/(-18) + 2/3. Let c = o - -21. What is the units digit of c?
6
Suppose f - 6*u = -u + 15, 4*u - 15 = -f. What is the tens digit of f?
1
Let w = -1024 + 1500. What is the hundreds digit of w?
4
Suppose -3*b = 4*t - 15 - 24, b - 29 = -4*t. Suppose -28 = -t*o - 10. Suppose -o*g + 81 = -15. What is the tens digit of g?
3
Let l(m) = 4*m**2. Let y be l(-1). Let z(h) = -h**2 + 11*h - 5. Let p be z(y). What is the tens digit of (2*p)/(-8 + 10)?
2
Let h be (2 + 1)*(-5 - -6). Let m(b) = -1 - 4*b**2 + 6*b**2 + 4*b - b**2. What is the tens digit of m(h)?
2
Let f(k) = 793*k**3 + 2*k**2 - 1. What is the hundreds digit of f(1)?
7
Suppose 25 + 200 = 5*q. What is the hundreds digit of (5/q)/(1/(-3))*-309?
1
Let z(j) = 5*j - 36. Let b be z(11). Let w = 140 - b. What is the tens digit of w?
2
Let z(k) = k**3 + 5*k**2 - 8*k - 12. Let n(g) = 5*g - 13. Let m be n(6). Let t = m + -22. What is the tens digit of z(t)?
2
Suppose 238*m - 442 = 236*m. What is the tens digit of m?
2
Let k(r) = -11*r. Suppose -2*n - 5 = -n, -2*h + 25 = -3*n. Let b = -6 + h. What is the units digit of k(b)?
1
Let v = -44 + 50. What is the units digit of (146/v)/(-4 - (-75)/18)?
6
Let k be -9 - 0 - (-3)/3. Let x(b) = b**3 + 10*b**2 + 6*b - 10. What is the units digit of x(k)?
0
Let v(y) = 384*y**2 + 4*y + 4. What is the hundreds digit of v(2)?
5
Suppose -8 = -5*u + 2*u + l, 0 = 3*l - 3. Suppose 8*i - 15 = u*i. What is the tens digit of 17 - (-6 + i - -2)?
1
Suppose -8*w + 5 = -3*w. Let n(l) = 81*l**2 + 3*l - 3. What is the units digit of n(w)?
1
Suppose r = -3*o + 1357, 4131 = 3*r + 21*o - 24*o. What is the hundreds digit of r?
3
Let l(p) = -p. Let v be l(4). Let x be v/(-10) - 23/(-5). Suppose 3*d + x*j = 22, -5*d + 4*d + j = -2. What is the units digit of d?
4
Let z(x) = -x**2 + 7*x + 3. Let f be z(7). Suppose m + 0*m + f*r = 15, 0 = -m - r + 7. Suppose -m*s - 39 = -102. What is the tens digit of s?
2
Let g(o) = -143*o**3 + o**2 + 5*o + 4. What is the units digit of g(-2)?
2
Let r = -18 - -178. What is the hundreds digit of r?
1
Let h(y) be the second derivative of 11*y**5/20 - y**4/6 + y**3/6 - y**2/2 + 4*y. Let o be h(2). Suppose 3*d - o = -0. What is the units digit of d?
7
Let s = 443 + -48. What is the hundreds digit of s?
3
Let n(x) = x + 122. Let k be n(0). What is the hundreds digit of 0 + -1 + (k + 0 - -2)?
1
Suppose -42*w + 120 = -18*w. Suppose 4*n - 546 = 2*b, 2*n - 4*n - 4*b + 288 = 0. Suppose w*h - n - 77 = 0. What is the tens digit of h?
4
Suppose 0*t - 16 = -4*t, 5*t = 4*w. Suppose -10*y = -w*y - 365. What is the units digit of y?
3
Suppose 5980*v = 5968*v + 49524. What is the hundreds digit of v?
1
Suppose -q - 2*y = -960 - 267, 0 = 4*q + 2*y - 4938. What is the units digit of q?
7
Suppose -3*j + 680 = -5*o - 363, -2*j + 694 = -2*o. What is the units digit of j?
6
Suppose 0 = 3*t - t. Suppose 3*k - 5 - 1 = 0. Suppose t*u = k*u - 22. What is the units digit of u?
1
Let a(p) = p**3 + 24*p**2 - 3*p - 1. What is the units digit of a(-23)?
7
Suppose 5*a = -3*z + 56, -2*z + 7*z - 102 = -4*a. Suppose -z = -0*w + w. Let x = w + 93. What is the tens digit of x?
7
Suppose -6*s = 4 - 16. Suppose 2*i = -w + 55 + 48, 191 = s*w - i. What is the units digit of w?
7
Let b be (-3 + 7)/(2/3*-3). Let v be (-1 + (-6)/(-10))*-5. What is the tens digit of (25/v)/((-1)/b)?
2
Suppose 8*g - 13*g + 3505 = 0. What is the hundreds digit of g?
7
Let r(o) = o + 7. Let i be r(-4). Let q = i - 3. Suppose 5*p - 50 - 70 = q. What is the tens digit of p?
2
Let s be (3/9)/(1/(-9)) - -461. Suppose s = 4*z - o, 0*z - 466 = -4*z - 3*o. What is the tens digit of z?
1
Let w(i) = -i + 10. Let o be w(10). Suppose -3*b + 715 = b - h, o = b - h - 181. What is the tens digit of b?
7
Suppose 12*q = 11*q + 326. What is the hundreds digit of q?
3
Let r(z) = 11*z**3 - 12*z**2 + 24*z + 6. What is the units digit of r(7)?
9
Let d be (-2)/3*(-36)/(-8). What is the units digit of 16/(-18)*3*d?
8
Suppose 23*f - 2740 = 13*f. What is the tens digit of f?
7
Suppose 5*g - 5 = -20. What is the units digit of g/(4/14 - (-105)/(-196))?
2
Let q = 540 - -116. Suppose -790 = -5*i + 5*r, 3*r - q = -4*i - r. Let z = -111 + i. What is the units digit of z?
0
Let p(a) = 23*a - 99. What is the units digit of p(5)?
6
Suppose -2*o = -d, -4*o + 5*o = 4*d - 7. Suppose d*r - 30 + 0 = 0. Suppose 0 = -3*i + r. What is the units digit of i?
5
Let h(p) = -56*p - 60. Let s be h(-12). What is the hundreds digit of (-9)/(s/(-8)) - (-4367)/17?
2
Suppose -g + 30 = 2*g. Suppose 4*x + x = g. Suppose 0 = s + x*s + 4*o - 31, 0 = -3*s - 3*o + 33. What is the units digit of s?
3
Let y(d) = -193*d - 251. What is the units digit of y(-5)?
4
Suppose -2 = n, -2*n - 3*n = j + 9. Let o be 81/(j - 2) + -3. What is the units digit of 1*-1*o/4?
1
Let h(b) be the first derivative of -43*b**2/2 + 27*b + 23. What is the hundreds digit of h(-4)?
1
Suppose -12*g - 20 = -22*g. What is the hundreds digit of (-72)/g*(-5 - 2 - -3)?
1
Suppose 2*b - s + 0*s - 1374 = 0, 0 = 4*b + 5*s - 2734. What is the tens digit of b?
8
Suppose 30 = -2*b + 7*b. Let m = b - 1. Suppose 4*w + 48 = 4*p - w, p - 37 = -m*w. What is the units digit of p?
7
Suppose 11 = 2*s - 5. Wha